on divisor of l and 17?
17
Let j(f) = f**2 - 2*f - 1. Let d be j(-1). Suppose 3*z - d*z = 3. Let t(n) = 9*n**2 + 4*n - 2. Let c be t(z). What is the greatest common divisor of c and 13?
13
Suppose 304 = -0*y + 4*y. Let n = 109 - y. What is the greatest common divisor of n and 11?
11
Let w be (-3 - -47)/((-10)/(-25)). What is the greatest common divisor of w and 10?
10
Let i(u) = -u**2 - 10*u + 7. Let x be i(-9). What is the highest common factor of x and 8?
8
Let x be (-16)/2*(-6)/4. Suppose 2*f - 54 = f + 2*o, -2*o = 6. What is the highest common divisor of f and x?
12
Let k(p) = -2*p + 12. Let a be k(-6). Calculate the highest common factor of a and 40.
8
Suppose 5*f + 514 = 4*t, -3*f = -4*t + 3*t + 132. Calculate the highest common divisor of 18 and t.
18
Suppose 0 = -a + 4 - 0. Suppose a*x = 8*x - 60. Suppose -5*m - 2*h = -h - 15, -5*m - 2*h = -x. What is the highest common factor of m and 15?
3
Suppose 7*y - y - 48 = 0. Suppose 0 = -3*r + 4*b - 9, 2*b + b = -2*r + 11. Calculate the highest common divisor of r and y.
1
Let z = 5 - 2. Suppose 5*i - 2*h - 37 = 0, 0 = -i + 2*i - 3*h + z. Let c be 18*(1 + (-2)/(-4)). Calculate the highest common factor of c and i.
9
Let g = -394 - -277. Let x be g/(-7) - 2/(-7). Suppose 0 = -5*h + y + 89, 0 = -5*h - y + 109 - 28. What is the greatest common factor of x and h?
17
Let p(h) = -h**2 + 5. Let a be p(0). Calculate the highest common divisor of a and 5.
5
Let z(k) = 2*k**2 + 2*k - 19. Let m be z(-6). Calculate the highest common divisor of 205 and m.
41
Suppose 0 = -5*u - 3*n + 39, 2*n = 5*u + 11 - 60. Let r = 10 - 1. What is the greatest common factor of r and u?
9
Suppose -f + 5*d = -0*d + 7, 11 = 2*f - 5*d. Calculate the highest common divisor of 12 and f.
6
Suppose 4*q + 82 = 5*n - 0*q, 4*q = 2*n - 40. Calculate the greatest common factor of n and 14.
14
Suppose -z + 66 = 2*z. Let j be 1*z - 2/2. Let b = 137 + -116. Calculate the highest common divisor of b and j.
21
Suppose 9 = -i + 24. Let c be ((-100)/i)/(4/(-18)). Calculate the highest common divisor of c and 12.
6
Suppose 3*m = 4*a + 24, -23 = -5*m - a + 2*a. Let s = m + -2. Let n = s + -1. What is the greatest common divisor of 5 and n?
1
Suppose -5*u = 2*n - 146, u - 193 = -2*n - n. Calculate the highest common factor of n and 9.
9
Let u be 2/(-2) + 417 + 1. Suppose -4*x + u = 25. Suppose -x - 27 = -5*t. What is the greatest common factor of t and 5?
5
Let m = 14 + -6. Let w(v) = 41*v - 1. Let k be w(1). What is the highest common divisor of k and m?
8
Suppose 0 = -3*s + 6*s - 84. Let c = 27 + 15. What is the greatest common divisor of c and s?
14
Suppose f - 16 = -12. Suppose 0 = 3*s + 3*z - 39, -3*s - f*z = -5*s + 14. What is the greatest common divisor of 33 and s?
11
Let f(g) = -g**3 - 10*g**2 + 37*g - 11. Let v be f(-13). Suppose -s - 2*s - 38 = -5*y, -3*s - 8 = -2*y. What is the highest common factor of y and v?
5
Let c(w) = 2*w**2 - w. Let a be c(-1). Suppose 5*y = -2*u + 17 + 45, -a*y - 4*u + 26 = 0. What is the greatest common divisor of 42 and y?
14
Let n be (-17)/119 - (-85)/7. Suppose 2*l = -l + 36. Calculate the highest common factor of n and l.
12
Let w(c) = 2*c - 5. Let b be w(5). Suppose t = -g + 8 + 1, 11 = 3*g - b*t. What is the greatest common divisor of 35 and g?
7
Let v(l) = 12*l**2. Let n be v(1). Let f be ((-2)/(-4))/(1/12). Let j(w) = w**2 - 7*w + 9. Let a be j(f). What is the greatest common divisor of n and a?
3
Suppose 0*s + 5*s - 3*w - 10 = 0, 3*s = -3*w + 30. Suppose 4*z = 3*z + s. Suppose 2*n = -0*n + 40. Calculate the highest common factor of n and z.
5
Suppose 38 = 4*w + m + 13, -3*m = -5*w + 10. Calculate the highest common divisor of 5 and w.
5
Let r(w) = w**2 + 9*w + 6. Let m be r(-8). Let j be (m - -1)/(-2 - -3). Let f = j + 9. What is the highest common divisor of f and 72?
8
Let l be -1 + -16*5/(-5). Calculate the highest common factor of l and 60.
15
Suppose -2*q = 3*a - 78, 143 = 2*q + q - 2*a. What is the highest common factor of q and 9?
9
Suppose 5*b = -5*j - 0*j + 790, 740 = 5*j - 5*b. Let f be 1 - j/(-1 + 0). Suppose -6*t + 58 = -26. Calculate the greatest common factor of t and f.
14
Let o(c) be the second derivative of -c**3/3 - 11*c**2/2 + 7*c. Let b be o(-8). What is the highest common factor of 45 and b?
5
Suppose -76 = 3*m - 16. Let n be (-64)/(-5) - 4/m. Calculate the greatest common factor of n and 91.
13
Suppose 14*n = 10*n + 40. Let u be (-2)/(-8) + 39/4. What is the highest common divisor of u and n?
10
Let z = -3 + 5. Let s = -6 + z. Let r be 72/16 - 2/s. What is the highest common divisor of 45 and r?
5
Suppose 0 = c - 8 + 5. What is the highest common factor of c and 9?
3
Let k(f) = 2*f**2 + 6*f + 5. Let y be k(-4). Calculate the greatest common factor of y and 247.
13
Let j = -8 - -36. Suppose -4*y + 12 = 0, -3*y = -7*a + 4*a + 63. Let p = a + -10. Calculate the highest common divisor of p and j.
14
Let i be -1 + -15 + 1/(-1). Let c = i + 48. What is the greatest common factor of c and 155?
31
Suppose 4*a = 40 - 0. Suppose 3*d + d - 2*c - 32 = 0, -c - 24 = -3*d. Let y be ((-39)/52)/((-3)/d). What is the highest common factor of y and a?
2
Let f be 126/(-2)*42/(-49). Let s be 2 + f*(3 - 2). Calculate the greatest common divisor of s and 8.
8
Suppose -5*n = -c + 14, -5*c - 2*n + 42 = -2*c. Suppose -8*l + 25 = -199. Calculate the greatest common divisor of l and c.
14
Let w be 75/10 + (-3)/2. Calculate the highest common factor of 30 and w.
6
Let l = -138 - -146. Let m be 5/10 - 95/(-2). What is the greatest common divisor of l and m?
8
Let h be (-2)/(3 + (-398)/132). What is the greatest common factor of h and 12?
12
Suppose 0 = -10*r + 20 + 70. What is the highest common factor of 63 and r?
9
Let j = -20 - -49. What is the highest common factor of j and 232?
29
Suppose 4*h = 3*p - 15, 5*p - 5 = 20. Let o = 51 - -99. Suppose 5*z + h*z = o. What is the greatest common divisor of z and 20?
10
Let t = 22 - -11. What is the highest common divisor of t and 33?
33
Let n be 6/((-44)/46 + 1). Let f = n - 74. Suppose 2*g = -3*d + 38, 0 = -4*g + 3*d + 20 + 38. Calculate the greatest common factor of g and f.
16
Let n(t) = -3*t + 11. Let b be n(-4). Calculate the greatest common divisor of b and 253.
23
Let d = 44 - 8. Let s(u) = -2*u**2 + 4*u + 1. Let f be s(3). Let y(w) = -w + 7. Let r be y(f). What is the highest common divisor of r and d?
12
Let c be (-17 - -7)/((-2)/7). Calculate the highest common factor of 385 and c.
35
Let c be (1 + -1 + -1)*-27. Calculate the highest common factor of 18 and c.
9
Let r = -63 + 143. Calculate the highest common factor of r and 10.
10
Suppose -4*k + 64 = -i - 16, 2*k = 4*i + 40. Let l = k - 13. What is the highest common factor of l and 1?
1
Let c = -10 - -31. What is the highest common factor of 147 and c?
21
Suppose 5*p + 3*v = 5, -4*p + 2 = 2*v - 2. Let i(h) = -h - 18*h**3 + 116*h**3 + 4 - 3. Let g be i(p). Calculate the greatest common divisor of g and 14.
14
Let d be (-3894)/(-15) + (-15)/25. What is the greatest common factor of 37 and d?
37
Let t = 16 + -16. Let d be (2 - 1) + 4 + -3. Suppose t = -j - d*g + 12, 5*j - 48 = j + 3*g. Calculate the highest common factor of 30 and j.
6
Suppose -5 = -9*k + 4*k. Let o be 1*-3 - 5/(-1). Calculate the highest common factor of o and k.
1
Suppose -5*b + 4*r + 22 = 0, -2*b + 6*b - 23 = 5*r. Suppose 0 = 2*i + b*i - m - 43, -5*m = -5*i + 50. What is the greatest common factor of i and 22?
11
Suppose -5*j + 109 = -191. What is the highest common factor of 12 and j?
12
Let r(i) = 3*i + 84. Let v = 17 - 17. Let c be r(v). What is the highest common factor of c and 12?
12
Suppose 10 = 2*q - 10. Let t be (-608)/(-34) - q/(-85). Calculate the highest common factor of t and 90.
18
Let a = 23 - 15. Calculate the highest common divisor of a and 64.
8
Let k = 18 + -17. Calculate the greatest common factor of k and 5.
1
Let p be (234/130)/(2 + (-74)/40). Suppose -f + 2 = 8. Let x(d) = d**2 - d - 6. Let c be x(f). Calculate the greatest common factor of c and p.
12
Suppose 4*a + 3*a = 245. What is the greatest common factor of a and 5?
5
Suppose -54 = 5*o - 8*o. Suppose -r = 2*r - 2*t - 127, 3*r = -3*t + 147. What is the greatest common factor of o and r?
9
Suppose -2*a - 4*m + 168 = 0, -2*a + 392 = 3*a - 4*m. Suppose